64?
False
Is 332 a factor of 254086991?
False
Is 287 a factor of 2973607?
True
Is 118 a factor of 2539437545?
False
Is 1736721 a multiple of 81?
True
Is 137 a factor of 1815898695?
True
Is 31487666 a multiple of 446?
False
Is 6 a factor of 112753394?
False
Is 57 a factor of 33735450?
True
Is 15 a factor of 236607090?
True
Does 5929 divide 374706871?
True
Does 629 divide 84541737?
False
Is 376496890 a multiple of 230?
True
Does 34 divide 2283302912?
True
Is 53096627 a multiple of 10081?
True
Is 437476044 a multiple of 207?
False
Does 192 divide 234406272?
True
Is 393038050 a multiple of 185?
True
Does 1945 divide 1167842185?
True
Is 143226642 a multiple of 67?
False
Does 13 divide 132453061?
True
Does 4 divide 21131216?
True
Does 327 divide 32596014?
True
Does 47 divide 850841066?
False
Does 17 divide 39414993?
True
Is 18598986 a multiple of 34?
True
Is 2826174 a multiple of 114?
True
Is 107 a factor of 1789823217?
False
Is 9 a factor of 1622020585?
False
Does 3184 divide 1023118781?
False
Is 3740 a factor of 711961360?
True
Is 7 a factor of 14280171?
False
Is 2336 a factor of 325298931?
False
Is 5429553 a multiple of 353?
False
Is 25 a factor of 92174675?
True
Is 15542856 a multiple of 42?
True
Is 13 a factor of 424438144?
True
Does 4 divide 145024833?
False
Is 14 a factor of 117297642?
True
Does 1756 divide 75815300?
True
Is 63987224 a multiple of 812?
True
Is 34 a factor of 23343074?
True
Is 250447907 a multiple of 5?
False
Does 20 divide 42891820?
True
Does 3 divide 41207989?
False
Is 2348 a factor of 5095777524?
True
Is 2986 a factor of 31484384?
True
Is 160580064 a multiple of 354?
True
Is 11070810 a multiple of 2?
True
Is 16142826 a multiple of 51?
True
Is 981854384 a multiple of 7?
True
Is 258981168 a multiple of 673?
True
Does 69 divide 12222509?
False
Does 20 divide 4521600?
True
Is 3423154 a multiple of 17?
True
Is 227 a factor of 258856499?
True
Is 25 a factor of 97626433?
False
Is 169 a factor of 1228831279?
True
Is 7225188 a multiple of 30?
False
Does 1644 divide 1012998276?
True
Is 237656899 a multiple of 3?
False
Is 22 a factor of 543597494?
True
Is 4026 a factor of 121387926?
True
Does 6 divide 10647030?
True
Is 110 a factor of 433634080?
True
Is 554098620 a multiple of 6?
True
Is 16 a factor of 138460733?
False
Is 32 a factor of 695883616?
True
Is 60 a factor of 14997180?
True
Is 1050871212 a multiple of 27?
True
Is 224 a factor of 418721632?
True
Is 266 a factor of 2363676?
True
Does 14 divide 38263484?
True
Does 118 divide 37816776?
False
Is 2988 a factor of 589571154?
False
Is 255422775 a multiple of 417?
False
Is 3268446137 a multiple of 1067?
True
Is 20263080 a multiple of 20?
True
Is 13213716 a multiple of 3?
True
Is 22 a factor of 11153978?
True
Is 4 a factor of 156167529?
False
Does 3 divide 233895?
True
Does 18 divide 2058564708?
True
Does 199 divide 13098567?
False
Is 16 a factor of 211440658?
False
Is 163022866 a multiple of 20?
False
Is 44 a factor of 149556264?
True
Does 13 divide 30966429?
True
Is 96011756 a multiple of 1232?
False
Does 361 divide 23598570?
True
Is 112784 a multiple of 7?
True
Is 93838614 a multiple of 435?
False
Is 222183038 a multiple of 157?
False
Is 43254311 even?
False
Is 6310949089 a multiple of 22?
False
Is 190052658 a multiple of 426?
True
Is 46454056 a multiple of 7?
False
Is 29 a factor of 20047893?
False
Is 7766583 a multiple of 41?
False
Is 475 a factor of 180760119?
False
Does 12 divide 284268?
True
Is 5567 a factor of 694083847?
False
Is 1454 a factor of 1186654187?
False
Is 2536812675 a multiple of 13275?
True
Does 32 divide 233548192?
True
Is 136 a factor of 1982489680?
True
Is 9 a factor of 28204819?
False
Is 10439923 a multiple of 70?
False
Does 63 divide 711189424?
False
Is 2420 a factor of 35533760?
False
Is 39712999 a multiple of 13?
False
Is 363389440 a multiple of 2432?
True
Is 49611876 a multiple of 6?
True
Is 18 a factor of 245671000?
False
Is 222482536 a multiple of 68?
True
Is 8985 a factor of 3640182900?
True
Does 605 divide 393514385?
True
Is 7 a factor of 397143?
False
Is 410 a factor of 2693185774?
False
Does 1335 divide 2135474010?
True
Is 1149956552 a multiple of 4794?
False
Does 1708 divide 2001499202?
False
Does 88 divide 70605144?
False
Does 74 divide 30158635?
False
Is 720 a factor of 83645280?
True
Does 54 divide 57002743?
False
Is 23642019 a multiple of 302?
False
Is 60 a factor of 263425620?
True
Is 303 a factor of 326041029?
True
Is 108546437 a multiple of 18?
False
Does 779 divide 66077072?
False
Is 1933603704 a multiple of 3268?
True
Is 41 a factor of 18537686?
False
Is 25 a factor of 169336344?
False
Does 65 divide 1143146?
False
Is 13 a factor of 3331445?
True
Is 160 a factor of 3414527520?
True
Does 26 divide 18558878?
True
Is 7253 a factor of 717200116?
False
Is 89 a factor of 36944305?
False
Is 24 a factor of 2660352234?
False
Is 85 a factor of 2160130415?
True
Is 104 a factor of 3287263200?
True
Is 472284 a multiple of 9?
True
Is 425 a factor of 30855980?
False
Does 18 divide 52050132?
True
Is 75197510 a multiple of 823?
True
Is 8730293 a multiple of 487?
False
Does 14 divide 583058210?
True
Does 18 divide 1874686212?
True
Does 4851 divide 112286097?
True
Does 87 divide 83379396?
False
Does 1310 divide 2719358260?
True
Is 666326649 a multiple of 231?
False
Is 145915684 a multiple of 582?
False
Does 10 divide 124010610?
True
Is 174 a factor of 1288917364?
False
Is 3 a factor of 102408646?
False
Is 635484394 a multiple of 28?
False
Is 71485050 a multiple of 650?
True
Does 421 divide 3700169?
True
Does 61 divide 128441478?
True
Is 161612768 a multiple of 412?
True
Does 13 divide 2019469728?
False
Is 21288899 a multiple of 111?
False
Is 64448111 a multiple of 345?
False
Is 3677470069 a multiple of 13?
True
Is 929 a factor of 328756986?
False
Is 451 a factor of 13782705?
False
Does 39 divide 324626250?
True
Does 93 divide 191142713?
False
Is 10 a factor of 202591460?
True
Is 22 a factor of 1031987268?
False
Does 1133 divide 374633248?
True
Is 48170340 a multiple of 78?
False
Does 51 divide 61897402?
False
Is 24 a factor of 258009096?
True
Is 117298153 a multiple of 133?
True
Is 936 a factor of 1101456997?
False
Does 56 divide 399146720?
True
Is 561537880 a multiple of 62?
False
Is 14 a factor of 194179384?
True
Does 704 divide 1827214400?
True
Is 328155506 a multiple of 14?
True
Does 35 divide 21850500?
True
Does 43 divide 664692696?
False
Is 6770308 a multiple of 2?
True
Is 152 a factor of 17515323?
False
Is 9234709 a multiple of 426?
False
Is 614380735 a multiple of 4550?
False
Is 17507381 a multiple of 18?
False
Is 9636173 a multiple of 361?
True
Does 23 divide 1008723?
False
Does 75 divide 2355975?
True
Does 1002 divide 21435786?
True
Is 19 a factor of 367142187?
True
Is 19 a factor of 35778406?
True
Does 763 divide 181020651?
False
Is 247 a factor of 3741309?
True
Does 248 divide 299721313?
False
Is 1787033 a multiple of 947?
False
Is 308481048 a multiple of 9?
True
Is 645347229 a multiple of 219?
True
Is 484 a factor of 276640262?
False
Does 37 divide 3572204775?
True
Does 146 divide 112748646?
True
Is 387894526 a multiple of 506?
False
Is 656988000 a multiple of 7950?
True
Is 417031252 a multiple of 2062?
True
Is 1137 a factor of 83931003?
False
Does 196 divide 102909604?
True
Does 14 divide 1173382?
True
Is 33 a factor of 76813836?
True
Does 194 divide 13715694?
False
Is 134 a factor of 20333759?
False
Is 8849082 a multiple of 35?
False
Is 787153926 a multiple of 114?
True
Is 545 a factor of 415366532?
False
Is 56681009 a multiple of 326?
False
Is 964 a factor of 1671162?
False
Is 16 a factor of 57064512?
True
Is 1117 a factor of 1536231323?
True
Is 1121 a factor of 1026684665?
True
Is 1083117804 a multiple of 2170?
False
Is 127913052 a multiple of 4240?
False
Does 3033 divide 93938076?
True
Is 14 a factor of 34303920?
True
Does 108 divide 111466483?
False
Is 26536956 a multiple of 344?
False
Is 1368968830 a multiple of 393?
False
Is 687 a factor of 418746714?
False
Is 15 a factor of 539813110?
False
Is 96 a factor of 818435778?
False
Is 24998272 a multiple of 26?
True
Does 417 divide 126705033?
True
Is 16 a factor of 122778153?
False
Is 53 a factor of 35438269?
False
Is 20192345 a multiple of 17?
True
Is 214411946 a multiple of 211?
False
